the units digit of f(j)?
6
Suppose -3*v + 14*v = 2222. Suppose -603 - v = -5*k. Let z = k - 115. What is the units digit of z?
6
What is the thousands digit of ((-174213)/(-52))/(69/368)?
7
Suppose -52*a - 9*f - 32447 = -53*a, 0 = -5*a - 3*f + 162427. What is the units digit of a?
3
Let a be (-237 + -5 - -7)*-1. Let o = a + -89. What is the units digit of o?
6
Let d = 12517 + -5570. What is the units digit of d?
7
Suppose 3*y - 37952 = -k, -6*y - 15*k + 75909 = -12*k. What is the thousands digit of y?
2
Suppose 31*q - 2648 = -24441. Let p = -364 - q. What is the units digit of p?
9
Suppose -2*z + 740 - 154 = 0. Suppose o - 5*u = z, 4 = 3*u - 5*u. What is the tens digit of o?
8
Suppose -577 = -8*d - 201. Suppose -61*v = -d*v - 21490. What is the units digit of v?
5
Suppose 7473 + 5185 = 2*x. Suppose x = 5*n + 1849. What is the tens digit of n?
9
Suppose 0 = -4*f + 12, 11 + 5 = z + 5*f. What is the tens digit of (-3598)/(-42) - z/((-6)/(-4))?
8
Let r = -64 - -68. Suppose 8 = r*c + 4. What is the units digit of c/(-3)*2*8322/(-76)?
3
Suppose 15*b = 11*b - 5684. Let q = -902 - b. What is the hundreds digit of q?
5
Let l be 4 - (-2)/4*(-7 + 5). Let j(c) = -2*c**l + 5*c + 4*c**3 - c**3 - c - 2*c**2 - 4. What is the hundreds digit of j(6)?
1
Suppose -5*a = -31 + 6, u + 5 = a. What is the tens digit of (-20)/170 - (8708/(-34) - u)?
5
Let u(o) = 4655*o**3 + 11*o**2 - 21*o + 22. What is the units digit of u(2)?
4
Let m be 2 + 2*-1 + 3. Suppose c + 13*g - 27 = 14*g, 4*c - 110 = 6*g. Let r = c - m. What is the tens digit of r?
2
Suppose 34*s = 57*s + 106*s - 3877095. What is the ten thousands digit of s?
3
Let f = 246 + -215. Suppose 0 = -0*j + 2*j - 238. Let m = j + f. What is the units digit of m?
0
Let p = 48 + -68. Let n = p + 22. Suppose t = 4*x + n*t - 538, 2*t = -5*x + 671. What is the tens digit of x?
3
Let h = -4934 - -8329. What is the thousands digit of h?
3
Let w(u) = -2*u - 26. Let t be w(-12). Let b(y) = -4*y - 9. Let r be b(t). What is the tens digit of ((-768)/(-40))/(r/(-5))?
9
Let c be 2/(-8) + 434/8. Let p(j) = -2*j**2 - 42*j + 17. Let g be p(-20). Let u = g - c. What is the units digit of u?
3
Let m(l) = -146*l**2 + 4493*l - 22. What is the hundreds digit of m(22)?
1
Let j = 25326 + -15381. What is the tens digit of j?
4
Let v(x) = -2*x**3 + 50*x**2 + 30*x - 31. Let q be v(25). Suppose c - 714 = 2*p + q, 0 = -p. What is the units digit of c?
3
Suppose 19*w + 126 = 202. What is the units digit of -3*8/w*1844/(-24)?
1
Let y(r) = 161*r**2 + 160*r - 1740. What is the hundreds digit of y(10)?
9
Let l = -856 - -518. Let j = l - -629. What is the tens digit of j?
9
Let p(b) = -69*b**2 - 3*b + 44. Let v(l) = -34*l**2 - 2*l + 21. Let j(q) = 2*p(q) - 5*v(q). What is the tens digit of j(3)?
8
Suppose 23*p + 85 = 40*p. Let d be 58/(1 - (-1 - -1)). Suppose -52 = -p*k + d. What is the units digit of k?
2
Let m be (0 + -2 + 3)*(-25 - -71). Suppose m = 3*z - 74. What is the units digit of z?
0
Let g(v) be the first derivative of -2*v**3/3 + 15*v**2/2 - 10*v - 18. Let x be g(8). What is the tens digit of (-374)/x - (-15)/(405/6)?
2
Suppose 2*f = -7*f + 2*f. Let v be (f - -12)*1/3 + -1. What is the tens digit of (-1 + -27)*v/(-2)?
4
Let v be (-27)/(-18) - (-78)/12. Suppose 0 = 5*i - 6*n + v*n - 6124, 0 = -i - 2*n + 1228. What is the tens digit of i?
2
Let t be (4/(-10))/(10/(-100)). Suppose t*b - 116 = 4*d, -3*b - 3*d - 42 = -123. Let p = b - -17. What is the tens digit of p?
4
What is the tens digit of -2*(-15)/(-50) + 239981/35?
5
Suppose 1387485 - 2123330 = -291*u + 2545471. What is the hundreds digit of u?
2
Suppose -11*c - 5 = -16. Suppose 39 = 5*h - 3*t, -5 = -3*h - 4*t + c. Suppose 12*b - 906 = h*b. What is the units digit of b?
1
Let a(p) = p**2 + 7*p - 32. Let x be a(-11). Let d be ((-18)/(-4))/1*x. Suppose -d*q - 24 = -57*q. What is the units digit of q?
8
What is the tens digit of 93/(58/19 + 12 + (-7 - 8))?
6
Let n(z) = 50*z - 214. Let p be n(5). What is the units digit of (-35243)/(-78) + (-30)/p?
1
Suppose -5*l + 153 = 3*y, 5*l + 95 = 3*y - 58. Suppose y*r + 929 = 3224. What is the tens digit of r?
4
Let u = 49199 - 33830. What is the ten thousands digit of u?
1
Let b be (2*-3)/(3 + -4). Let g(i) = i**2 + 8*i - 3. Let y be g(b). Let k = 77 + y. What is the units digit of k?
8
Suppose 32 + 688 = 5*f. Let g be (40/6)/(3 + (-429)/f). Let r = g - 74. What is the units digit of r?
6
Let h(z) = -3*z - 17. Let s(t) = -20*t - 120. Let p be 15/(-105) + 26/(-14). Let j(l) = p*s(l) + 15*h(l). What is the tens digit of j(-6)?
1
Let i(g) = -g**3 + 18*g**2 - 54*g + 11. Let f be i(16). Let y = -56 - f. What is the units digit of y?
5
Suppose -11790 = -q - 5*v, q - 3*v + v = 11776. What is the ten thousands digit of q?
1
Let d be -8 - (1 - 1)/1. Let x(l) be the first derivative of -l**3/3 - 9*l**2/2 + 8*l - 259. What is the units digit of x(d)?
6
Suppose 4*t + 2*i = 24, -t = -0*t - 5*i + 5. Suppose t*s + 198 + 43 = 4*q, -3*q + 189 = -s. Let k = q - 29. What is the tens digit of k?
3
Let h(a) be the first derivative of -3*a + 1/4*a**4 - 2*a**3 - 2*a**2 - 3. What is the units digit of h(8)?
3
Let v = 47078 + -25509. What is the tens digit of v?
6
Let u(z) = 454*z**2 - 61*z - 126. What is the units digit of u(7)?
3
Suppose 0 = -f + 3*f + 10. Let t(v) = 35 - 17*v - 82 + 46. What is the units digit of t(f)?
4
Let f(t) = -29239*t - 2827. What is the ten thousands digit of f(-1)?
2
Suppose 0 = -2*g - 30*q + 29*q + 110793, g - 4*q = 55401. What is the hundreds digit of g?
3
Let c be (54/(-45)*5)/((-2)/1). Let k(b) = 58*b**2 - 11*b. What is the tens digit of k(c)?
8
Suppose 2*i + v = -2*i - 5311, -2*v - 5314 = 4*i. Let c = -936 - i. What is the hundreds digit of c?
3
Suppose b - 40452 = -g, 138875 = 3*g - 4*b + 17575. What is the ten thousands digit of g?
4
Suppose 22*n - 6706 = 189840 + 119748. What is the units digit of n?
7
Suppose 36 = 3*g - 9. Suppose -3*o = 4*f - g, -2*f = -4*o - 8 + 28. Suppose -2*u + 45 - o = 0. What is the tens digit of u?
2
Suppose -2*i + 2*l = l + 11, -5*i + l = 29. What is the tens digit of i + (5 - (3 - 625))?
2
What is the ten thousands digit of 43185/1 + 90 + -97?
4
Let y(g) be the second derivative of -g**3/6 + 9*g**2/2 + g. Suppose 4*q + 12 = -2*m - 28, -m - 5*q - 29 = 0. What is the tens digit of y(m)?
2
Let v = 340 + -337. Suppose -3 = -s, v*s = -2*x + 54 + 53. What is the tens digit of x?
4
Suppose 3*h = 18*h - 8*h. Suppose -12*s + 4593 + 10059 = h. What is the hundreds digit of s?
2
Let n be 4/(4 - 8) + 113. Let m = n + 285. Suppose 0 = 5*u + 4*t - 415, 4*u + 86 - m = t. What is the units digit of u?
9
Suppose 3*c = 4*t - 1183, -5*t + 5*c - 880 = -8*t. Let y = t - -616. What is the tens digit of y?
1
Let k be -359*(-8 + 6 - -1). Suppose 6*b = -k + 1685. What is the tens digit of b?
2
Suppose -a = 2*a - 120. Suppose 2624 = 8*y - a. Suppose 2*j = 4*v - 397 - y, -5*v + 935 = 5*j. What is the units digit of v?
4
Let q(g) = 3*g - 10. Let p be q(4). Let x be (p + (-12)/9)/((-4)/(-6)). Let y(l) = 248*l**3 + 2*l**2 - 3*l + 2. What is the hundreds digit of y(x)?
2
Let d(u) = u**3 + 2*u**2 - 11*u - 9. Let c be d(-4). What is the tens digit of -15*(((-11)/c)/1)/1?
5
Suppose 0 = v - 5*d - 386, -11 = 2*d - 1. Suppose 3045 = 11*a + v. What is the hundreds digit of a?
2
Suppose 2*p - l + 677 = -257, -3*p - 2*l = 1401. Let t = p - -919. What is the hundreds digit of t?
4
Let u(f) = 4*f**2 - f + 11. Let d(m) = -2*m**3 + m**2 + m. Let s be d(-1). Suppose 6*r - s*r + 20 = 0. What is the hundreds digit of u(r)?
1
Let f = -44 + 30. Let z(m) = 3*m**2 - 10*m + 33. What is the tens digit of z(f)?
6
Let t(f) = 14*f**2 - 6*f - 23. Suppose 26*j + 155 = -1. What is the hundreds digit of t(j)?
5
Suppose 227 - 1679 = -4*k. Let z = k + 139. What is the units digit of z?
2
Suppose 0 = d - 5*m - 32463, -m = 332*d - 336*d + 129776. What is the hundreds digit of d?
4
Let x(c) = -438*c - 1728. What is the hundreds digit of x(-46)?
4
Let l(i) = 5 - 7*i**2 - 6*i**2 + 16*i**2 - 4*i + 2. Suppose -h - 2*h = 15. What is the hundreds digit of l(h)?
1
Let w(h) = 1115 - 562 + h**2 - 618 + 18*h. What is the units digit of w(8)?
3
Suppose 2*n - 10825 = -3*t + 21055, 5*n = t - 10621. What is the units digit of t?
6
Let w(x) = 72*x - 22. Let l(d) = -d**2 - 15*d + 2. Let